+ -60 - (-11 - 1))?
-13
-3 + -2 - (1 + 2 + 7 + -3)
-12
What is the value of -12 - (9 + 0 + -14) - -5?
-2
What is the value of (-60 - -76) + (-6 + 4 - 16)?
-2
-8 + 13 + 0 + -4 + -3
-2
What is the value of (10 - -9) + (-20 - -4 - -11)?
14
Evaluate (0 - (1 - -5)) + 4 - (1 + 1).
-4
What is (-4 + 8 - -6) + (50 - 34)?
26
2 - 4 - (-12 - -10 - (-1 + 10))
9
-1 - -2 - -4 - 12
-7
What is 13 + (22 - (6 - 8)) - 15?
22
What is the value of -4 - (0 - (8 - (1 + (4 - 2))))?
1
What is 0 + (-18 + 1 - -3)?
-14
Evaluate 3 + -3 - (1 - -17 - (0 - -7)).
-11
Calculate 17 - (-1 + 1) - (-364 + 365).
16
Evaluate -2 + 4 - (-52 + 27 - -18).
9
Calculate 6 + -14 + 5 - 9.
-12
What is the value of 4 - (-28 + 46) - (-1 - -10)?
-23
What is 4 + -4 - ((-22 - -5) + 0 - -1)?
16
Evaluate -1 + -27 + 929 + -924.
-23
2 + 18 + -10 + (2 - 1)
11
Evaluate (17 - (1 - 0)) + (-3012 - -2984).
-12
Calculate -173 + 77 + 71 - (1 - (1 - -1)).
-24
-3 + (3 - 0) - (-54 - -63)
-9
Evaluate 5 + (5 - -10) + -10 + -8 + 4.
6
What is the value of (-5 - -2) + -1 + -54 + 50 + -4?
-12
Calculate -13 - (17 - (-38 - -63)).
-5
What is -7 - (19 - 18) - -13?
5
Evaluate 24 + (-2 - -5) + 1 - 9.
19
-25 + 25 - (-3 + -5)
8
Evaluate -4 + -1 + 28 + (0 + -3 - -2).
22
10 + (-9 - 3) + 19
17
Evaluate 2 - (0 + 4) - (11 + -17).
4
Evaluate -33 + -5 - ((-12 - 0) + 6 + 9).
-41
Evaluate -20 + 28 + 7 + -6 + 6 + 3.
18
What is the value of -4 - (4 - -1) - (15 + -3)?
-21
Evaluate -17 + -6 + (13 - (-9 + 9)).
-10
What is (-17 - 1 - (-323 + 292)) + -38?
-25
Evaluate (132 - 129) + 1 + -14 + 0 + -2.
-12
Calculate (9 - (3 - -4)) + 24.
26
4 - ((-5 - -4) + -1 + 2) - 4
0
Calculate 33 + 13 + (-20 - (5 - 8)).
29
-11 + 5 - -17 - (-9 - -2)
18
2 - (-6 + -6) - (4 - -6)
4
What is 1 - 4 - 8 - -20?
9
-4 - (-3 - -1 - (-10 + 13))
1
Evaluate 9 - (-21 - (28 + -15 - 23)).
20
-7 + 1 + -98 + 103 + (-39 - -9)
-31
What is the value of 15 + -6 + -2 + 0?
7
5 + 24 + -22 - (11 - -1)
-5
What is the value of -15 - (-8 + (13 - 16))?
-4
Calculate 3 + (1 + -2 - (-17 - (-28 - -8))).
-1
29 + -37 + -2 + -17
-27
Calculate -6 - (6 - 8) - (0 + 5).
-9
What is (7 + -16 - -11) + 5 + 0?
7
What is the value of 3 - (23 - (3 - -2 - 1 - 15))?
-31
What is -1 + 10 + -27 + 15 + 8 - 6?
-1
Evaluate (-1 + -4 - -5) + 16 - 14.
2
What is the value of -2 + (7 - -5 - 8) + -11?
-9
Calculate (-6 - (-4 - 5)) + -5 + 9.
7
Calculate (2 - 6) + 137 + -128.
5
What is 4 + (61 - 55) + (1 - 32)?
-21
Evaluate (-12 - (-10 - 2)) + 9.
9
What is the value of -4 + 15 - (-1 - -8)?
4
What is -19 - (-3 - 6) - -23?
13
What is the value of -8 + (16 - (1 - -16)) + -5?
-14
What is the value of (-1082 - -1094) + (1 - 13)?
0
Evaluate (1 - 1 - (1 + 1)) + -1006 + 1017.
9
0 + (-3 - (-15 + (5 - -3)))
4
What is the value of 1 + -6 + 2 + 10 + (-18 - -10)?
-1
-15 + (15 + -2 - 16) - -15
-3
Calculate 3 - (10 + -4) - -2 - (18 - 8).
-11
What is (-8 - (-3 + -4) - -12) + 0?
11
What is (14 - (19 - 2)) + 6?
3
What is the value of 14 + 0 + -41 + 55 - 15?
13
Calculate -3 - (-10 + 31 + -36).
12
Calculate (-1 - (1 - 16)) + (74 - 91).
-3
20 + -12 + -11 - 10
-13
What is the value of (-8 - (6 + -15 + 5)) + 4?
0
What is -24 + (70 - 3) + -26?
17
Calculate (-8 + 20 - 20) + (-1 + 7 - 8).
-10
Evaluate (-1 + -2 - (-9 + 18 - 20)) + 4.
12
Evaluate 17 + 12 + -9 - (1 + (-3 - 5)).
27
What is the value of -13 + 4 + 7 + -26?
-28
What is -10 + (-6 - -4 - (-4 + 1 + -1))?
-8
Calculate 13 + 0 - ((-2 - (8 - 18)) + -6).
11
What is the value of (0 - 2 - 0) + (-13 - -12)?
-3
Calculate -134 + 142 + (-2 + 3 - 6).
3
What is the value of (20 - (10 - 15) - 6) + -4?
15
102 + -90 - ((2 - 2) + (7 - 1))
6
What is ((-13 - -2) + 3 - -6) + -1?
-3
What is -11 - -13 - (0 + (-3 - -7))?
-2
Calculate -8 + 14 + -17 + (23 - -1).
13
What is -3 + (-11 - -5 - -12 - 3) + -10?
-10
Evaluate 3 - (2 + 6 + -11 + -2).
8
Evaluate 9 - (16 + 23 - 11).
-19
-21 + (3 - -23) + -10
-5
What is 17 + -13 + 7 - 25?
-14
8 - (-4 + (-3 - (-28 + 13)))
0
-4 + 0 - 7 - (-1 - -1)
-11
Evaluate -24 - (7 - (-14 + -2 - -35)).
-12
What is the value of 18 + (17 - (13 - -5))?
17
1 - 4 - (264 + -280)
13
What is the value of -15 - ((25 - -4 - 21) + (-6 - 0))?
-17
Calculate 30 + -30 + -1 + 19.
18
3 - (-8 + 17) - -15
9
What is the value of (42 - 46) + -1 + -1 - (4 - 4)?
-6
Calculate 19 + -18 - (2 - 10) - 8.
1
What is the value of 18 + 8 - 23 - (8 + -30)?
25
Calculate 1 + (8 - (20 - (7 + -8))).
-12
3 - (-1 + -4 - -1) - (43 + -66)
30
(0 + 12 - -28) + (2 - 12)
30
Calculate 6 - (1 - -1) - (118 + -103).
-11
What is (19 - (-13 + 44)) + 13?
1
Calculate (30 - 28) + (3 - 9).
-4
Evaluate 8 + -23 - -10 - (-18 + -3 + -4).
20
-4 + (43 - 23 - ((-1 - -1) + 1))
15
What is 0 + -8 + -9 + -9 + 14 + 7?
-5
What is the value of (-25 - -26) + (8 - (4 - -5 - 1))?
1
What is the value of (0 - -2) + (19 - 7 - 5) + -10?
-1
Evaluate -28 + 27 + 4 + 0 + 2.
5
Evaluate 29 - ((-25 - -30) + 4).
20
Evaluate -13 + (-127 - -126 - (2 + 3)).
-19
What is the value of -3 + (3 - 11) + 9 + -8 + 2?
-8
Evaluate -29 + 25 + 10 - ((-2 - 0) + 2).
6
Calculate (9 - -4 - -3) + -9 - 17.
-10
-4 - (-23 + 10 - -6)
3
Evaluate (9 - (-3 + 2)) + (26 - 13).
23
Evaluate (26 - (-32 - -19)) + -27.
12
Evaluate 590 + -605 - (-25 - -1).
9
What is the value of 5 - 12 - (-27 - -12)?
8
-9 - -7 - 31 - -13
-20
Evaluate (2 - (2 - -9)) + 9 + 10 + -13.
-3
-5 + 3 + 9 + -2 + 6
11
Evaluate 1 + 10 + -24 - -2.
-11
What is (7 - 3 - (-10 - -20)) + -10 + 12?
-4
Evaluate (1 - (4 + -2 + 1)) + -2 + -3.
-7
What is the value of -22 - ((9 - -6) + -25)?
-12
What is -13 + 0 + 8 - 1 - -5 - 29?
-30
What is the value of (-31 - (-61 + 33)) + -1 + 2?
-2
What is (38 - 34) + (2 - 28) + -5?
-27
-18 + (-34 - -22) + 7
-23
What is the value of -27 - (15 + -23 - 53)?
34
Evaluate -14 - ((-16 - (-9 + -3 + 6)) + 6).
-10
Evaluate -4 - (7 + -15) - 2 - -1.
3
Calculate (-30 - 0) + 1766 + -1725.
11
Evaluate 61 - 63 - ((3 + 4 - 3) + 1).
-7
Calculate -33 + 42 - (2 + 12).
-5
Calculate 11 - (3 - -1) - (1 + 3 - 2).
5
3 + -1 + -1 + (0 - 2 - 3)
-4
-4 + 10 + -9 - (-4 + (-2 - -8))
-5
What is (-10 - (8 + -2 + -13)) + 0 + 20?
17
What is -29 - (-11 + -5 + -7 + 26 + 6)?
-38
What is -3 - 1 - (54 + -41 + -12)?
-5
Calculate -5 + 51 + -36 + 7.
17
Evaluate 0 + 6 + -4 + -1 + 4.
5
What is the value of -8 + (1 - -2) + (-20 - -17)?
-8
Calculate 8 - (8 - -2 - (42 + -36)).
4
What is (-6 - 6) + 25 - 6?
7
Evaluate ((-16 - -10) + 1 - -12) + 13.
20
What is 111 + -53 - 58 - (2 + 1 + 0)?
-3
What is 0 - (-44 - -15) - 23?
6
Calculate -6 + (-8 - (-19 - -9 - 10)).
6
Calculate (0 + 9 - (38 + -30)) + 15 + 4.
20
What is 49 + -41 + (2 + -1 - -14) + -9?
14
What is the value of -22 - (6 - (11 - 16) - (1 - -17))?
-15
-11 + -20 + (29 - 11)
-13
Calculate -20 + -6 + 15 + -3 - (-2 - -4).
-16
Calculate 1 - (-3 + -5 + 3 + -14).
20
Evaluate 11 - -9 - 11 - (5 - 4).
8
What is the value of (5 - 10) + 3 + 3 + -2?
-1
Calculate -8 + 3 - (-6 + 8 + (0 - -2)).
-9
What is the value of -15 + (6 - (2 - -1 - 4)) - 10?
-18
(2 - -5) + (-16 - (-15 - -11)) + 10
5
-6 + 26 + -14 + 2 + -12
-4
Calculate (-1 - 27) + -10 + 31.
-7
Evaluate (-22 - (-26 + 9)) + (-7 - -22).
10
What is the value of -10 + (2 - ((-15 - -1) + 4))?
2
Calculate -7 + (40 + -11 + 16 - 13).
25
Calculate 4 - ((-5 - 1) + 1) - 2.
7
What is -6 - -10 - (2 - -9) - 26?
-33
Evaluate 38 + (-3 + -12 + (-7 - -11) - -9).
36
Evaluate (0 - 0) + -3 + -31 + 4 + 37.
7
Calculate -2 + (-28 + 13 - -25).
8
Calculate -137 + 143 + (4 - 0) - -6.
16
Evaluate 0 + -12 + (44 - (-27 - -48)).
11
What is the value of (2 + -35 - -73) + -66?
-26
Evaluate (125 - 108) + -12 + -1.
4
Calculate -22 - (-10 - (5 + -3)).
-10
What is (2 - -7) + -5 + 2 - (-10 - -15)?
1
3 + (20 - 8 - (3 - 1))
13
What is the value of 0 + -3 + (19 + -11 - 17)?
-12
What is (18 - -11) + -10 + 0?
19
What is the value of -8 + 3 + -1 + -12 + 19 + 4?
5
What is the value of -2 + 6 + -7 + (2 - -7) + -8?
-2
Calculate 13 - ((-13 - -20) + 4).
2
2 + 3 + -2 - -9
12
What is -8 + (2 - (-13 - (8 - 19)) - -36)?
32
What is (-7 - (-11 + 5 + 9)) + 1?
-9
What is -2 - (-98 + 74 + (8 - 0))?
14
What is the value of -3 + 2 - (5 - -1) - (-3498 - -3465)?
26
Calculate 4 + (-1 + 0 - (-34 - -30) - -5).
12
Calculate 2 - ((42 - 46) + (10 - 0)).
-4
What is the value of 14 + -30 - (3 - 24)?
5
Calculate -9 - (-3 + -12 + 12 - -19).
-25
What is the value of 20 + -26 + (9 - -10)?
13
4 + -17 + 8 + (4 - -6)
5
(-33 + 16 + 38 - 19)